{"id":8,"date":"2012-04-30T21:26:47","date_gmt":"2012-04-30T21:26:47","guid":{"rendered":"http:\/\/petits-fruits.com\/?page_id=8"},"modified":"2021-05-11T15:35:24","modified_gmt":"2021-05-11T15:35:24","slug":"petits-fruits","status":"publish","type":"page","link":"https:\/\/www.petits-fruits.com\/index.php\/petits-fruits\/","title":{"rendered":"Produits"},"content":{"rendered":"<h1>Nos petits fruits<\/h1>\n<p>Nos petits fruits sont cultiv\u00e9s avec passion.&nbsp; Nous voulons vous offrir des fruits de qualit\u00e9 dans un environnement calme et propre.<\/p>\n<h2>Bleuets, fraises et framboises \u00e0 la Bleueti\u00e8re Point du jour et Royale<\/h2>\n<p>Vous pouvez vous procurer nos produits frais du jour au <a href=\"\/index.php\/contact\/\">kiosque de la ferme<\/a>. Ils sont \u00e9galement disponibles dans pr\u00e8s de 25 kiosques et \u00e9piceries \u00e0 travers la r\u00e9gion.<\/p>\n<p>Au kiosque, nous mettons \u00e0 votre disponibilit\u00e9 diff\u00e9rents formats de contenant :<\/p>\n<table border=\"1\" cellspacing=\"0\" cellpadding=\"0\">\n<tbody>\n<tr>\n<td class=\"tabfond\" rowspan=\"3\" width=\"102\"><strong>Bleuets<\/strong><\/td>\n<td valign=\"top\" width=\"321\">Contenant 1 litre<\/td>\n<\/tr>\n<tr>\n<td valign=\"top\" width=\"321\">Contenant 2 litres<\/td>\n<\/tr>\n<tr>\n<td valign=\"top\" width=\"321\">Douzaine de casseaux (500 ml)<\/td>\n<\/tr>\n<tr>\n<td class=\"tabfond\" rowspan=\"2\" width=\"102\"><strong>Framboises<\/strong><\/td>\n<td valign=\"top\" width=\"321\">Contenant 1 litre et 2 litres<\/td>\n<\/tr>\n<tr>\n<td valign=\"top\" width=\"321\">Douzaine de casseaux (250 ml) <em>sur r\u00e9servation<\/em><\/td>\n<\/tr>\n<tr>\n<td class=\"tabfond\" rowspan=\"3\" width=\"102\"><strong>Fraises<\/strong><\/td>\n<td valign=\"top\" width=\"321\">Contenant 2 litres<\/td>\n<\/tr>\n<tr>\n<td valign=\"top\" width=\"321\">Contenant 3 litres<\/td>\n<\/tr>\n<tr>\n<td valign=\"top\" width=\"321\">Douzaine de casseaux (500 ml)<\/td>\n<\/tr>\n<\/tbody>\n<\/table>\n<h2>Des tartinades \u00e0 votre go\u00fbt!<\/h2>\n<p>Vous ne voulez pas cuisiner mais vous avez le bec sucr\u00e9? Nous cuisinons pour vous! Effectivement des tartinades l\u00e9g\u00e8res et des gel\u00e9es sont aussi disponibles \u00e0 la Bleueti\u00e8re Point du jour et Royale. Vous aurez le choix des fruits et de vos sucres pr\u00e9f\u00e9r\u00e9s.<\/p>\n<h2>Les Gel\u00e9es de bleuets, fraises, framboises, camerises ou bleuets et lavande<\/h2>\n<p>La <strong>gel\u00e9e<\/strong> ne contient ni graine et pelure. Vous la trouverez fabuleuse sur des r\u00f4ties, gaufres, croissants, yogourts, g\u00e2teaux ainsi qu&rsquo;avec des viandes blanches (poulet, porc) et du fromage.<\/p>\n<p>Nos <strong>tartinades<\/strong> avec un minimum de sucres, sont aussi excellentes avec des r\u00f4ties, gaufres, g\u00e2teaux ou cr\u00e8mes glac\u00e9es.<\/p>\n<p>Essayez aussi nos <strong>tartinades au sucre naturel<\/strong>. Pour ce faire, nous utilisons du fructose, qui est du sucre venant des betteraves \u00e0 sucre.<\/p>\n<p>La <strong>tartinade aux fruits et sirop d\u2019\u00e9rable<\/strong> repr\u00e9sente LA VRAIE confiture du Qu\u00e9bec! Avec un vrai go\u00fbt de fruits et une l\u00e9g\u00e8re saveur d\u2019\u00e9rable. Aucun autre sucre ajout\u00e9, seulement du sirop d\u2019\u00e9rable!<\/p>\n<p>La nouveaut\u00e9 de 2011 est la confiture de bleuets et lavande. Avec la m\u00eame bonne confiture de bleuets en minimisant l\u2019utilisation du sucre, nous avons ajout\u00e9 un soup\u00e7on de lavande pour aromatiser le tout. Donc, un go\u00fbt prononc\u00e9 tout en \u00e9tant d\u00e9licat!<\/p>\n<p>Nous offrons aussi du miel local non pasteuris\u00e9. Le go\u00fbt est exquis puisque les abeilles ont butin\u00e9 les fleurs de nos petits fruits! (Disponible dans des formats de 500g et 1kg)<\/p>\n<table border=\"1\" cellspacing=\"0\" cellpadding=\"0\">\n<tbody>\n<tr>\n<td width=\"130\"><\/td>\n<td class=\"tabfond2\" width=\"146\"><strong>Fruits<\/strong><\/td>\n<td class=\"tabfond2\" width=\"146\"><strong>Quantit\u00e9<\/strong><\/td>\n<td class=\"tabfond2\" width=\"146\"><strong>Choix de sucre<\/strong><\/td>\n<\/tr>\n<tr>\n<td class=\"tabfond\" rowspan=\"6\" width=\"130\"><strong>Tartinades<\/strong><\/td>\n<td width=\"146\">Bleuets<\/td>\n<td width=\"146\">250 ml<\/td>\n<td width=\"146\">Sucre naturel<br \/>\nSucre r\u00e9gulier<br \/>\nSucre d\u2019\u00e9rable<\/td>\n<\/tr>\n<tr>\n<td width=\"146\">Bleuet-lavande<\/td>\n<td width=\"146\"><\/td>\n<td width=\"146\">Sucre r\u00e9gulier<\/td>\n<\/tr>\n<tr>\n<td width=\"146\">Framboises<\/td>\n<td width=\"146\">250 ml<\/td>\n<td width=\"146\">Sucre naturel<br \/>\nSucre r\u00e9gulier<br \/>\nSucre d\u2019\u00e9rable<\/td>\n<\/tr>\n<tr>\n<td width=\"146\">Fraises<\/td>\n<td width=\"146\">250 ml<\/td>\n<td valign=\"top\" width=\"146\">Sucre naturel<br \/>\nSucre r\u00e9gulier<br \/>\nSucre d\u2019\u00e9rable<\/td>\n<\/tr>\n<tr>\n<td width=\"146\">rhubarbe<\/td>\n<td rowspan=\"2\" width=\"146\">250 ml<\/td>\n<td rowspan=\"2\" width=\"146\">Sucre r\u00e9gulier<\/td>\n<\/tr>\n<tr>\n<td valign=\"top\" width=\"146\">Fraises et rhubarbe<\/td>\n<\/tr>\n<tr>\n<td class=\"tabfond\" rowspan=\"4\" width=\"130\"><strong>Gel\u00e9es<\/strong><\/td>\n<td valign=\"top\" width=\"146\">Bleuets<\/td>\n<td rowspan=\"4\" width=\"146\">250 ml<\/td>\n<td rowspan=\"4\" width=\"146\">Sucre r\u00e9gulier<\/td>\n<\/tr>\n<tr>\n<td valign=\"top\" width=\"146\">Fraises<\/td>\n<\/tr>\n<tr>\n<td valign=\"top\" width=\"146\">Framboises<\/td>\n<\/tr>\n<tr>\n<td valign=\"top\" width=\"146\">Rhubarbe<\/td>\n<\/tr>\n<tr>\n<td class=\"tabfond\" rowspan=\"2\" width=\"130\"><strong>Autres<\/strong><\/td>\n<td valign=\"top\" width=\"146\">Ketchup aux fruits<\/td>\n<td valign=\"top\" width=\"146\">500 ml<\/td>\n<td valign=\"top\" width=\"146\"><\/td>\n<\/tr>\n<tr>\n<td valign=\"top\" width=\"146\">Miel<\/td>\n<td valign=\"top\" width=\"146\">500 ml \/ 1 kg<\/td>\n<td valign=\"top\" width=\"146\"><\/td>\n<\/tr>\n<\/tbody>\n<\/table>\n","protected":false},"excerpt":{"rendered":"<p>Nos petits fruits Nos petits fruits sont cultiv\u00e9s avec passion.&nbsp; Nous voulons vous offrir des fruits de qualit\u00e9 dans un environnement calme et propre. Bleuets, fraises et framboises \u00e0 la Bleueti\u00e8re Point du jour et Royale Vous pouvez vous procurer nos produits frais du jour au kiosque de la ferme. Ils sont \u00e9galement disponibles dans [&hellip;]<\/p>\n","protected":false},"author":1,"featured_media":0,"parent":0,"menu_order":-50,"comment_status":"closed","ping_status":"open","template":"","meta":{"footnotes":""},"class_list":["post-8","page","type-page","status-publish","hentry"],"yoast_head":"<!-- This site is optimized with the Yoast SEO plugin v27.4 - https:\/\/yoast.com\/product\/yoast-seo-wordpress\/ -->\n<title>www.petits-fruits.com\/petits fruits<\/title>\n<meta name=\"description\" content=\"Les petits fruits de la Bleueti\u00e8re Point du jour sont cultiv\u00e9s avec passion. Notre int\u00e9r\u00eat est de vous les offrir de qualit\u00e9 et pour votre plaisir.\" \/>\n<meta name=\"robots\" content=\"index, follow, max-snippet:-1, max-image-preview:large, max-video-preview:-1\" \/>\n<link rel=\"canonical\" href=\"https:\/\/www.petits-fruits.com\/index.php\/petits-fruits\/\" \/>\n<meta property=\"og:locale\" content=\"fr_FR\" \/>\n<meta property=\"og:type\" content=\"article\" \/>\n<meta property=\"og:title\" content=\"www.petits-fruits.com\/petits fruits\" \/>\n<meta property=\"og:description\" content=\"Les petits fruits de la Bleueti\u00e8re Point du jour sont cultiv\u00e9s avec passion. Notre int\u00e9r\u00eat est de vous les offrir de qualit\u00e9 et pour votre plaisir.\" \/>\n<meta property=\"og:url\" content=\"https:\/\/www.petits-fruits.com\/index.php\/petits-fruits\/\" \/>\n<meta property=\"og:site_name\" content=\"Bleueti\u00e8res Point du jour et Royale\" \/>\n<meta property=\"article:modified_time\" content=\"2021-05-11T15:35:24+00:00\" \/>\n<meta name=\"twitter:label1\" content=\"Dur\u00e9e de lecture estim\u00e9e\" \/>\n\t<meta name=\"twitter:data1\" content=\"2 minutes\" \/>\n<script type=\"application\/ld+json\" class=\"yoast-schema-graph\">{\"@context\":\"https:\\\/\\\/schema.org\",\"@graph\":[{\"@type\":\"WebPage\",\"@id\":\"https:\\\/\\\/www.petits-fruits.com\\\/index.php\\\/petits-fruits\\\/\",\"url\":\"https:\\\/\\\/www.petits-fruits.com\\\/index.php\\\/petits-fruits\\\/\",\"name\":\"www.petits-fruits.com\\\/petits fruits\",\"isPartOf\":{\"@id\":\"https:\\\/\\\/www.petits-fruits.com\\\/#website\"},\"datePublished\":\"2012-04-30T21:26:47+00:00\",\"dateModified\":\"2021-05-11T15:35:24+00:00\",\"description\":\"Les petits fruits de la Bleueti\u00e8re Point du jour sont cultiv\u00e9s avec passion. Notre int\u00e9r\u00eat est de vous les offrir de qualit\u00e9 et pour votre plaisir.\",\"breadcrumb\":{\"@id\":\"https:\\\/\\\/www.petits-fruits.com\\\/index.php\\\/petits-fruits\\\/#breadcrumb\"},\"inLanguage\":\"fr-FR\",\"potentialAction\":[{\"@type\":\"ReadAction\",\"target\":[\"https:\\\/\\\/www.petits-fruits.com\\\/index.php\\\/petits-fruits\\\/\"]}]},{\"@type\":\"BreadcrumbList\",\"@id\":\"https:\\\/\\\/www.petits-fruits.com\\\/index.php\\\/petits-fruits\\\/#breadcrumb\",\"itemListElement\":[{\"@type\":\"ListItem\",\"position\":1,\"name\":\"Accueil\",\"item\":\"https:\\\/\\\/www.petits-fruits.com\\\/\"},{\"@type\":\"ListItem\",\"position\":2,\"name\":\"Produits\"}]},{\"@type\":\"WebSite\",\"@id\":\"https:\\\/\\\/www.petits-fruits.com\\\/#website\",\"url\":\"https:\\\/\\\/www.petits-fruits.com\\\/\",\"name\":\"Bleueti\u00e8res Point du jour et Royale\",\"description\":\"\",\"potentialAction\":[{\"@type\":\"SearchAction\",\"target\":{\"@type\":\"EntryPoint\",\"urlTemplate\":\"https:\\\/\\\/www.petits-fruits.com\\\/?s={search_term_string}\"},\"query-input\":{\"@type\":\"PropertyValueSpecification\",\"valueRequired\":true,\"valueName\":\"search_term_string\"}}],\"inLanguage\":\"fr-FR\"}]}<\/script>\n<!-- \/ Yoast SEO plugin. -->","yoast_head_json":{"title":"www.petits-fruits.com\/petits fruits","description":"Les petits fruits de la Bleueti\u00e8re Point du jour sont cultiv\u00e9s avec passion. Notre int\u00e9r\u00eat est de vous les offrir de qualit\u00e9 et pour votre plaisir.","robots":{"index":"index","follow":"follow","max-snippet":"max-snippet:-1","max-image-preview":"max-image-preview:large","max-video-preview":"max-video-preview:-1"},"canonical":"https:\/\/www.petits-fruits.com\/index.php\/petits-fruits\/","og_locale":"fr_FR","og_type":"article","og_title":"www.petits-fruits.com\/petits fruits","og_description":"Les petits fruits de la Bleueti\u00e8re Point du jour sont cultiv\u00e9s avec passion. Notre int\u00e9r\u00eat est de vous les offrir de qualit\u00e9 et pour votre plaisir.","og_url":"https:\/\/www.petits-fruits.com\/index.php\/petits-fruits\/","og_site_name":"Bleueti\u00e8res Point du jour et Royale","article_modified_time":"2021-05-11T15:35:24+00:00","twitter_misc":{"Dur\u00e9e de lecture estim\u00e9e":"2 minutes"},"schema":{"@context":"https:\/\/schema.org","@graph":[{"@type":"WebPage","@id":"https:\/\/www.petits-fruits.com\/index.php\/petits-fruits\/","url":"https:\/\/www.petits-fruits.com\/index.php\/petits-fruits\/","name":"www.petits-fruits.com\/petits fruits","isPartOf":{"@id":"https:\/\/www.petits-fruits.com\/#website"},"datePublished":"2012-04-30T21:26:47+00:00","dateModified":"2021-05-11T15:35:24+00:00","description":"Les petits fruits de la Bleueti\u00e8re Point du jour sont cultiv\u00e9s avec passion. Notre int\u00e9r\u00eat est de vous les offrir de qualit\u00e9 et pour votre plaisir.","breadcrumb":{"@id":"https:\/\/www.petits-fruits.com\/index.php\/petits-fruits\/#breadcrumb"},"inLanguage":"fr-FR","potentialAction":[{"@type":"ReadAction","target":["https:\/\/www.petits-fruits.com\/index.php\/petits-fruits\/"]}]},{"@type":"BreadcrumbList","@id":"https:\/\/www.petits-fruits.com\/index.php\/petits-fruits\/#breadcrumb","itemListElement":[{"@type":"ListItem","position":1,"name":"Accueil","item":"https:\/\/www.petits-fruits.com\/"},{"@type":"ListItem","position":2,"name":"Produits"}]},{"@type":"WebSite","@id":"https:\/\/www.petits-fruits.com\/#website","url":"https:\/\/www.petits-fruits.com\/","name":"Bleueti\u00e8res Point du jour et Royale","description":"","potentialAction":[{"@type":"SearchAction","target":{"@type":"EntryPoint","urlTemplate":"https:\/\/www.petits-fruits.com\/?s={search_term_string}"},"query-input":{"@type":"PropertyValueSpecification","valueRequired":true,"valueName":"search_term_string"}}],"inLanguage":"fr-FR"}]}},"_links":{"self":[{"href":"https:\/\/www.petits-fruits.com\/index.php\/wp-json\/wp\/v2\/pages\/8","targetHints":{"allow":["GET"]}}],"collection":[{"href":"https:\/\/www.petits-fruits.com\/index.php\/wp-json\/wp\/v2\/pages"}],"about":[{"href":"https:\/\/www.petits-fruits.com\/index.php\/wp-json\/wp\/v2\/types\/page"}],"author":[{"embeddable":true,"href":"https:\/\/www.petits-fruits.com\/index.php\/wp-json\/wp\/v2\/users\/1"}],"replies":[{"embeddable":true,"href":"https:\/\/www.petits-fruits.com\/index.php\/wp-json\/wp\/v2\/comments?post=8"}],"version-history":[{"count":19,"href":"https:\/\/www.petits-fruits.com\/index.php\/wp-json\/wp\/v2\/pages\/8\/revisions"}],"predecessor-version":[{"id":336,"href":"https:\/\/www.petits-fruits.com\/index.php\/wp-json\/wp\/v2\/pages\/8\/revisions\/336"}],"wp:attachment":[{"href":"https:\/\/www.petits-fruits.com\/index.php\/wp-json\/wp\/v2\/media?parent=8"}],"curies":[{"name":"wp","href":"https:\/\/api.w.org\/{rel}","templated":true}]}}