{"id":4,"date":"2012-04-30T21:17:07","date_gmt":"2012-04-30T21:17:07","guid":{"rendered":"http:\/\/petits-fruits.com\/?page_id=4"},"modified":"2021-05-11T15:36:18","modified_gmt":"2021-05-11T15:36:18","slug":"accueil","status":"publish","type":"page","link":"https:\/\/www.petits-fruits.com\/","title":{"rendered":"Accueil"},"content":{"rendered":"<h1>Bienvenue aux Bleueti\u00e8res Point du jour et Royale!<\/h1>\n<p><img loading=\"lazy\" decoding=\"async\" class=\"alignright size-full wp-image-13\" title=\"\" src=\"\/wp-content\/uploads\/2012\/04\/fraise.jpg\" alt=\"\" width=\"134\" height=\"200\">La Bleueti\u00e8re Point du jour et la Bleueti\u00e8re Royale sont des producteurs de petits fruits, les plus grands de la r\u00e9gion de Lanaudi\u00e8re. Tout pr\u00e8s de Montr\u00e9al, deux sites pour <a href=\"\/index.php\/auto-cueillette\/\">l\u2019auto-cueillette<\/a> &nbsp;vous attendent avec framboises, framboises d\u2019automne, bleuets et fraises \u00e0 volont\u00e9!<\/p>\n<p>Vous aimez d\u00e9guster des petits fruits \u00e0 tout moment dans l\u2019ann\u00e9e? Votre sant\u00e9 et vos papilles se r\u00e9jouiront de notre gamme de <a href=\"\/index.php\/produits\/\">produits congel\u00e9s<\/a> id\u00e9als pour vous combler tous les mois de l\u2019ann\u00e9e!<\/p>\n<p>Vous ne voulez pas cuisiner mais avez le bec sucr\u00e9? Nous cuisinons pour vous! L\u2019\u00e9quipe des bleueti\u00e8res Point du jour et Royale vous pr\u00e9pare de <a href=\"\/index.php\/produits\/\">d\u00e9licieuses confitures<\/a> et des gel\u00e9es maison dont vous raffolerez!<\/p>\n","protected":false},"excerpt":{"rendered":"<p>Bienvenue aux Bleueti\u00e8res Point du jour et Royale! La Bleueti\u00e8re Point du jour et la Bleueti\u00e8re Royale sont des producteurs de petits fruits, les plus grands de la r\u00e9gion de Lanaudi\u00e8re. Tout pr\u00e8s de Montr\u00e9al, deux sites pour l\u2019auto-cueillette &nbsp;vous attendent avec framboises, framboises d\u2019automne, bleuets et fraises \u00e0 volont\u00e9! Vous aimez d\u00e9guster des petits [&hellip;]<\/p>\n","protected":false},"author":1,"featured_media":0,"parent":0,"menu_order":0,"comment_status":"closed","ping_status":"open","template":"","meta":{"footnotes":""},"class_list":["post-4","page","type-page","status-publish","hentry"],"yoast_head":"<!-- This site is optimized with the Yoast SEO plugin v27.4 - https:\/\/yoast.com\/product\/yoast-seo-wordpress\/ -->\n<title>Bleueti\u00e8res Point du jour et Royale, auto-cueillette Saint-Thomas de Joliette et Lavaltrie dans Lanaudi\u00e8re<\/title>\n<meta name=\"description\" content=\"La Bleueti\u00e8re Point du jour et la Bleueti\u00e8re Royale sont des producteurs de petits fruits. Une merveilleuse place pour l&#039;auto-cueillette.\" \/>\n<meta name=\"robots\" content=\"index, follow, max-snippet:-1, max-image-preview:large, max-video-preview:-1\" \/>\n<link rel=\"canonical\" href=\"https:\/\/www.petits-fruits.com\/\" \/>\n<meta property=\"og:locale\" content=\"fr_FR\" \/>\n<meta property=\"og:type\" content=\"article\" \/>\n<meta property=\"og:title\" content=\"Bleueti\u00e8res Point du jour et Royale, auto-cueillette Saint-Thomas de Joliette et Lavaltrie dans Lanaudi\u00e8re\" \/>\n<meta property=\"og:description\" content=\"La Bleueti\u00e8re Point du jour et la Bleueti\u00e8re Royale sont des producteurs de petits fruits. Une merveilleuse place pour l&#039;auto-cueillette.\" \/>\n<meta property=\"og:url\" content=\"https:\/\/www.petits-fruits.com\/\" \/>\n<meta property=\"og:site_name\" content=\"Bleueti\u00e8res Point du jour et Royale\" \/>\n<meta property=\"article:modified_time\" content=\"2021-05-11T15:36:18+00:00\" \/>\n<meta property=\"og:image\" content=\"https:\/\/www.petits-fruits.com\/wp-content\/uploads\/2012\/04\/fraise.jpg\" \/>\n<meta name=\"twitter:label1\" content=\"Dur\u00e9e de lecture estim\u00e9e\" \/>\n\t<meta name=\"twitter:data1\" content=\"1 minute\" \/>\n<script type=\"application\/ld+json\" class=\"yoast-schema-graph\">{\"@context\":\"https:\\\/\\\/schema.org\",\"@graph\":[{\"@type\":\"WebPage\",\"@id\":\"https:\\\/\\\/www.petits-fruits.com\\\/\",\"url\":\"https:\\\/\\\/www.petits-fruits.com\\\/\",\"name\":\"Bleueti\u00e8res Point du jour et Royale, auto-cueillette Saint-Thomas de Joliette et Lavaltrie dans Lanaudi\u00e8re\",\"isPartOf\":{\"@id\":\"https:\\\/\\\/www.petits-fruits.com\\\/#website\"},\"datePublished\":\"2012-04-30T21:17:07+00:00\",\"dateModified\":\"2021-05-11T15:36:18+00:00\",\"description\":\"La Bleueti\u00e8re Point du jour et la Bleueti\u00e8re Royale sont des producteurs de petits fruits. Une merveilleuse place pour l'auto-cueillette.\",\"breadcrumb\":{\"@id\":\"https:\\\/\\\/www.petits-fruits.com\\\/#breadcrumb\"},\"inLanguage\":\"fr-FR\",\"potentialAction\":[{\"@type\":\"ReadAction\",\"target\":[\"https:\\\/\\\/www.petits-fruits.com\\\/\"]}]},{\"@type\":\"BreadcrumbList\",\"@id\":\"https:\\\/\\\/www.petits-fruits.com\\\/#breadcrumb\",\"itemListElement\":[{\"@type\":\"ListItem\",\"position\":1,\"name\":\"Accueil\",\"item\":\"https:\\\/\\\/www.petits-fruits.com\\\/\"},{\"@type\":\"ListItem\",\"position\":2,\"name\":\"Accueil\"}]},{\"@type\":\"WebSite\",\"@id\":\"https:\\\/\\\/www.petits-fruits.com\\\/#website\",\"url\":\"https:\\\/\\\/www.petits-fruits.com\\\/\",\"name\":\"Bleueti\u00e8res Point du jour et Royale\",\"description\":\"\",\"potentialAction\":[{\"@type\":\"SearchAction\",\"target\":{\"@type\":\"EntryPoint\",\"urlTemplate\":\"https:\\\/\\\/www.petits-fruits.com\\\/?s={search_term_string}\"},\"query-input\":{\"@type\":\"PropertyValueSpecification\",\"valueRequired\":true,\"valueName\":\"search_term_string\"}}],\"inLanguage\":\"fr-FR\"}]}<\/script>\n<!-- \/ Yoast SEO plugin. -->","yoast_head_json":{"title":"Bleueti\u00e8res Point du jour et Royale, auto-cueillette Saint-Thomas de Joliette et Lavaltrie dans Lanaudi\u00e8re","description":"La Bleueti\u00e8re Point du jour et la Bleueti\u00e8re Royale sont des producteurs de petits fruits. Une merveilleuse place pour l'auto-cueillette.","robots":{"index":"index","follow":"follow","max-snippet":"max-snippet:-1","max-image-preview":"max-image-preview:large","max-video-preview":"max-video-preview:-1"},"canonical":"https:\/\/www.petits-fruits.com\/","og_locale":"fr_FR","og_type":"article","og_title":"Bleueti\u00e8res Point du jour et Royale, auto-cueillette Saint-Thomas de Joliette et Lavaltrie dans Lanaudi\u00e8re","og_description":"La Bleueti\u00e8re Point du jour et la Bleueti\u00e8re Royale sont des producteurs de petits fruits. Une merveilleuse place pour l'auto-cueillette.","og_url":"https:\/\/www.petits-fruits.com\/","og_site_name":"Bleueti\u00e8res Point du jour et Royale","article_modified_time":"2021-05-11T15:36:18+00:00","og_image":[{"url":"https:\/\/www.petits-fruits.com\/wp-content\/uploads\/2012\/04\/fraise.jpg","type":"","width":"","height":""}],"twitter_misc":{"Dur\u00e9e de lecture estim\u00e9e":"1 minute"},"schema":{"@context":"https:\/\/schema.org","@graph":[{"@type":"WebPage","@id":"https:\/\/www.petits-fruits.com\/","url":"https:\/\/www.petits-fruits.com\/","name":"Bleueti\u00e8res Point du jour et Royale, auto-cueillette Saint-Thomas de Joliette et Lavaltrie dans Lanaudi\u00e8re","isPartOf":{"@id":"https:\/\/www.petits-fruits.com\/#website"},"datePublished":"2012-04-30T21:17:07+00:00","dateModified":"2021-05-11T15:36:18+00:00","description":"La Bleueti\u00e8re Point du jour et la Bleueti\u00e8re Royale sont des producteurs de petits fruits. Une merveilleuse place pour l'auto-cueillette.","breadcrumb":{"@id":"https:\/\/www.petits-fruits.com\/#breadcrumb"},"inLanguage":"fr-FR","potentialAction":[{"@type":"ReadAction","target":["https:\/\/www.petits-fruits.com\/"]}]},{"@type":"BreadcrumbList","@id":"https:\/\/www.petits-fruits.com\/#breadcrumb","itemListElement":[{"@type":"ListItem","position":1,"name":"Accueil","item":"https:\/\/www.petits-fruits.com\/"},{"@type":"ListItem","position":2,"name":"Accueil"}]},{"@type":"WebSite","@id":"https:\/\/www.petits-fruits.com\/#website","url":"https:\/\/www.petits-fruits.com\/","name":"Bleueti\u00e8res Point du jour et Royale","description":"","potentialAction":[{"@type":"SearchAction","target":{"@type":"EntryPoint","urlTemplate":"https:\/\/www.petits-fruits.com\/?s={search_term_string}"},"query-input":{"@type":"PropertyValueSpecification","valueRequired":true,"valueName":"search_term_string"}}],"inLanguage":"fr-FR"}]}},"_links":{"self":[{"href":"https:\/\/www.petits-fruits.com\/index.php\/wp-json\/wp\/v2\/pages\/4","targetHints":{"allow":["GET"]}}],"collection":[{"href":"https:\/\/www.petits-fruits.com\/index.php\/wp-json\/wp\/v2\/pages"}],"about":[{"href":"https:\/\/www.petits-fruits.com\/index.php\/wp-json\/wp\/v2\/types\/page"}],"author":[{"embeddable":true,"href":"https:\/\/www.petits-fruits.com\/index.php\/wp-json\/wp\/v2\/users\/1"}],"replies":[{"embeddable":true,"href":"https:\/\/www.petits-fruits.com\/index.php\/wp-json\/wp\/v2\/comments?post=4"}],"version-history":[{"count":11,"href":"https:\/\/www.petits-fruits.com\/index.php\/wp-json\/wp\/v2\/pages\/4\/revisions"}],"predecessor-version":[{"id":338,"href":"https:\/\/www.petits-fruits.com\/index.php\/wp-json\/wp\/v2\/pages\/4\/revisions\/338"}],"wp:attachment":[{"href":"https:\/\/www.petits-fruits.com\/index.php\/wp-json\/wp\/v2\/media?parent=4"}],"curies":[{"name":"wp","href":"https:\/\/api.w.org\/{rel}","templated":true}]}}